{"id":808,"date":"2021-03-22T20:06:31","date_gmt":"2021-03-22T20:06:31","guid":{"rendered":"https:\/\/puerta14.com\/stantech\/?page_id=808"},"modified":"2021-06-17T14:53:46","modified_gmt":"2021-06-17T14:53:46","slug":"vision","status":"publish","type":"page","link":"https:\/\/stantech.com.mx\/english\/vision\/","title":{"rendered":"vision"},"content":{"rendered":"<p>[vc_row full_width=&#8221;stretch_row&#8221; content_placement=&#8221;middle&#8221; bg_type=&#8221;video&#8221; video_url=&#8221;https:\/\/stantech.com.mx\/englishwp-content\/uploads\/2021\/03\/stannnn.mp4&#8243; video_opts=&#8221;loop&#8221; video_poster=&#8221;id^767|url^https:\/\/stantech.com.mx\/englishwp-content\/uploads\/revslider\/video-media\/stannnn_1.jpeg|caption^null|alt^null|title^stannnn_1.jpeg|description^null&#8221; css=&#8221;.vc_custom_1617070804667{margin-bottom: 40px !important;background-image: url(https:\/\/stantech.com.mx\/englishwp-content\/uploads\/2021\/03\/sccaner-1.jpg?id=842) !important;background-position: center !important;background-repeat: no-repeat !important;background-size: cover !important;}&#8221;][vc_column][vc_single_image image=&#8221;981&#8243; img_size=&#8221;full&#8221; alignment=&#8221;center&#8221;][\/vc_column][\/vc_row][vc_row type=&#8221;vc_default&#8221; css=&#8221;.vc_custom_1474218751979{padding-bottom: 50px !important;}&#8221;][vc_column width=&#8221;1\/2&#8243; css=&#8221;.vc_custom_1474218695724{padding-bottom: 30px !important;}&#8221;][vc_column_text css=&#8221;.vc_custom_1617070908486{padding-bottom: 20px !important;}&#8221;]En la actualidad, no existe ning\u00fan producto que se comercialice, pase por las diferentes normas de calidad y no cuente con un c\u00f3digo de barras o un c\u00f3digo QR donde venga la informaci\u00f3n de dicho producto. En StanTech otorgamos las soluciones para leer cualquier c\u00f3digo de barras o QR en cualquier tipo de escenario.<\/p>\n<p>Es decir, proveemos soluciones para leer c\u00f3digos que est\u00e9n fijos o en movimiento y pueden estar impresos sobre cualquier plataforma como el papel, metal, vidrio, etc. De la misma forma proveemos soluciones con C\u00e1maras de Visi\u00f3n y Sensores, los cuales pueden instalarse en diversos ambientes para m\u00faltiples prop\u00f3sitos.[\/vc_column_text][vc_empty_space height=&#8221;15px&#8221;][\/vc_column][vc_column width=&#8221;1\/2&#8243; css=&#8221;.vc_custom_1474218736735{padding-bottom: 30px !important;}&#8221; offset=&#8221;vc_hidden-xs&#8221;]<style type=\"text\/css\" data-type=\"the7_shortcodes-inline-css\">.gallery-carousel-shortcode.gallery-carousel-shortcode-id-fd1863bd54b02b0e59e004309165f3de .owl-nav a {\n  width: 36px;\n  height: 36px;\n  border-radius: 500px;\n}\n.dt-arrow-border-on.gallery-carousel-shortcode.gallery-carousel-shortcode-id-fd1863bd54b02b0e59e004309165f3de .owl-nav a:not(:hover):before {\n  border-width: 0px;\n}\n.dt-arrow-hover-border-on.gallery-carousel-shortcode.gallery-carousel-shortcode-id-fd1863bd54b02b0e59e004309165f3de .owl-nav a:hover:after {\n  border-width: 0px;\n}\n.gallery-carousel-shortcode.gallery-carousel-shortcode-id-fd1863bd54b02b0e59e004309165f3de .owl-nav a.owl-prev {\n  top: 50%;\n  transform: translateY(calc(-50% + 0px));\n  left: -43px;\n}\n@media all and (-ms-high-contrast: none) {\n  .gallery-carousel-shortcode.gallery-carousel-shortcode-id-fd1863bd54b02b0e59e004309165f3de .owl-nav a.owl-prev {\n    transform: translateY(-50%);\n    margin-top: 0px;\n  }\n}\n.gallery-carousel-shortcode.gallery-carousel-shortcode-id-fd1863bd54b02b0e59e004309165f3de .owl-nav a.owl-prev i {\n  padding: 0px 0px 0px 0px;\n}\n.gallery-carousel-shortcode.gallery-carousel-shortcode-id-fd1863bd54b02b0e59e004309165f3de .owl-nav a.owl-next {\n  top: 50%;\n  transform: translateY(calc(-50% + 0px));\n  right: -43px;\n}\n@media all and (-ms-high-contrast: none) {\n  .gallery-carousel-shortcode.gallery-carousel-shortcode-id-fd1863bd54b02b0e59e004309165f3de .owl-nav a.owl-next {\n    transform: translateY(-50%);\n    margin-top: 0px;\n  }\n}\n.gallery-carousel-shortcode.gallery-carousel-shortcode-id-fd1863bd54b02b0e59e004309165f3de .owl-nav a.owl-next i {\n  padding: 0px 0px 0px 0px;\n}\n.gallery-carousel-shortcode.gallery-carousel-shortcode-id-fd1863bd54b02b0e59e004309165f3de .owl-nav i {\n  font-size: 18px;\n}\n.gallery-carousel-shortcode.gallery-carousel-shortcode-id-fd1863bd54b02b0e59e004309165f3de .owl-nav a:not(:hover) i,\n.gallery-carousel-shortcode.gallery-carousel-shortcode-id-fd1863bd54b02b0e59e004309165f3de .owl-nav a:not(:hover) i:before {\n  color: #ffffff;\n  background: none;\n}\n.gallery-carousel-shortcode.gallery-carousel-shortcode-id-fd1863bd54b02b0e59e004309165f3de .owl-nav a:hover i,\n.gallery-carousel-shortcode.gallery-carousel-shortcode-id-fd1863bd54b02b0e59e004309165f3de .owl-nav a:hover i:before {\n  color: rgba(255,255,255,0.75);\n  background: none;\n}\n.gallery-carousel-shortcode.gallery-carousel-shortcode-id-fd1863bd54b02b0e59e004309165f3de .owl-dots {\n  top: calc(100% + 20px);\n  left: 50%;\n  transform: translateX(calc(-50% + 0px));\n}\n@media all and (-ms-high-contrast: none) {\n  .gallery-carousel-shortcode.gallery-carousel-shortcode-id-fd1863bd54b02b0e59e004309165f3de .owl-dots {\n    transform: translateX(-50%);\n    margin-left: 0px;\n  }\n}\n.gallery-carousel-shortcode.gallery-carousel-shortcode-id-fd1863bd54b02b0e59e004309165f3de .owl-dot {\n  width: 10px;\n  height: 10px;\n  margin: 0 8px;\n}\n.bullets-ubax.gallery-carousel-shortcode.gallery-carousel-shortcode-id-fd1863bd54b02b0e59e004309165f3de .owl-dot.active span {\n  border-color: ;\n}\n@media screen and (max-width: 778px) {\n  .gallery-carousel-shortcode.gallery-carousel-shortcode-id-fd1863bd54b02b0e59e004309165f3de.hide-arrows .owl-nav a {\n    display: none;\n  }\n}\n@media screen and (max-width: 778px) {\n  .gallery-carousel-shortcode.gallery-carousel-shortcode-id-fd1863bd54b02b0e59e004309165f3de.reposition-arrows .owl-nav .owl-prev {\n    top: 50%;\n    transform: translateY(calc(-50% + 0px));\n    left: 10px;\n  }\n  .gallery-carousel-shortcode.gallery-carousel-shortcode-id-fd1863bd54b02b0e59e004309165f3de.reposition-arrows .owl-nav .owl-next {\n    top: 50%;\n    transform: translateY(calc(-50% + 0px));\n    right: 10px;\n  }\n}\n@media screen and (max-width: 778px) and all and (-ms-high-contrast: none) {\n  .gallery-carousel-shortcode.gallery-carousel-shortcode-id-fd1863bd54b02b0e59e004309165f3de.reposition-arrows .owl-nav .owl-prev {\n    transform: translateY(-50%);\n    margin-top: 0px;\n  }\n}\n@media screen and (max-width: 778px) and all and (-ms-high-contrast: none) {\n  .gallery-carousel-shortcode.gallery-carousel-shortcode-id-fd1863bd54b02b0e59e004309165f3de.reposition-arrows .owl-nav .owl-next {\n    transform: translateY(-50%);\n    margin-top: 0px;\n  }\n}\n.gallery-carousel-shortcode.gallery-carousel-shortcode-id-fd1863bd54b02b0e59e004309165f3de figure,\n.gallery-carousel-shortcode.gallery-carousel-shortcode-id-fd1863bd54b02b0e59e004309165f3de .rollover,\n.gallery-carousel-shortcode.gallery-carousel-shortcode-id-fd1863bd54b02b0e59e004309165f3de img,\n.gallery-carousel-shortcode.gallery-carousel-shortcode-id-fd1863bd54b02b0e59e004309165f3de .gallery-rollover {\n  border-radius: 0px;\n}\n.gallery-carousel-shortcode.gallery-carousel-shortcode-id-fd1863bd54b02b0e59e004309165f3de.enable-bg-rollover .gallery-rollover {\n  background: ;\n  background: -webkit-linear-gradient();\n  background: linear-gradient();\n}\n.gallery-carousel-shortcode.gallery-carousel-shortcode-id-fd1863bd54b02b0e59e004309165f3de.enable-img-shadow figure {\n  box-shadow: \"\";\n}\n.gallery-carousel-shortcode.gallery-carousel-shortcode-id-fd1863bd54b02b0e59e004309165f3de.enable-img-shadow .owl-stage-outer {\n  padding: 14px 0;\n}\n.gallery-carousel-shortcode.gallery-carousel-shortcode-id-fd1863bd54b02b0e59e004309165f3de.enable-bg-rollover.hover-scale figure .rollover:after {\n  background: ;\n  background: -webkit-linear-gradient();\n  background: linear-gradient();\n}\n.gallery-carousel-shortcode.gallery-carousel-shortcode-id-fd1863bd54b02b0e59e004309165f3de.gallery-shortcode .gallery-zoom-ico {\n  width: 44px;\n  height: 44px;\n  line-height: 44px;\n  border-radius: 100px;\n  margin: -22px 0 0 -22px;\n  border-width: 0px;\n}\n.dt-icon-bg-on.gallery-carousel-shortcode.gallery-carousel-shortcode-id-fd1863bd54b02b0e59e004309165f3de.gallery-shortcode .gallery-zoom-ico {\n  background: rgba(255,255,255,0.3);\n  -webkit-box-shadow: none;\n  box-shadow: none;\n}\n.gallery-carousel-shortcode.gallery-carousel-shortcode-id-fd1863bd54b02b0e59e004309165f3de.gallery-shortcode .gallery-zoom-ico > span:before {\n  font-size: 32px;\n  line-height: 44px;\n}\n.gallery-carousel-shortcode.gallery-carousel-shortcode-id-fd1863bd54b02b0e59e004309165f3de.gallery-shortcode .gallery-zoom-ico > span {\n  color: #ffffff;\n  background: none;\n}\n<\/style><div class=\"owl-carousel gallery-carousel-shortcode gallery-shortcode  dt-gallery-container dt-owl-carousel-call gallery-carousel-shortcode-id-fd1863bd54b02b0e59e004309165f3de quick-scale-img enable-bg-rollover meta-info-off dt-arrow-border-on dt-arrow-hover-border-on bullets-small-dot-stroke reposition-arrows dt-icon-bg-off arrows-bg-on disable-arrows-hover-bg arrows-hover-bg-on  hover-fade \" data-scroll-mode=\"1\" data-col-num=\"1\" data-wide-col-num=\"1\" data-laptop-col=\"1\" data-h-tablet-columns-num=\"1\" data-v-tablet-columns-num=\"1\" data-phone-columns-num=\"1\" data-col-gap=\"10\" data-speed=\"600\" data-autoplay=\"true\" data-autoplay_speed=\"6000\" data-arrows=\"true\" data-bullet=\"false\" data-next-icon=\"icon-ar-017-r\" data-prev-icon=\"icon-ar-017-l\" data-img-shadow-size=\"12px\" data-img-shadow-spread=\"3px\"><div data-post-id=\"1013\" data-date=\"2021-06-16T18:36:04+00:00\" data-name=\"POS\"><figure class=\"post\"><a href=\"https:\/\/stantech.com.mx\/english\/wp-content\/uploads\/2021\/06\/POS.jpg\" class=\"rollover dt-pswp-item layzr-bg\" data-large_image_width=\"500\" data-large_image_height=\"346\" data-dt-img-description=\"\" title=\"POS\"><img loading=\"lazy\" decoding=\"async\" class=\"lazy-load preload-me\" src=\"data:image\/svg+xml,%3Csvg%20xmlns%3D&#39;http%3A%2F%2Fwww.w3.org%2F2000%2Fsvg&#39;%20viewBox%3D&#39;0%200%20500%20346&#39;%2F%3E\" data-src=\"https:\/\/stantech.com.mx\/english\/wp-content\/uploads\/2021\/06\/POS.jpg\" data-srcset=\"https:\/\/stantech.com.mx\/english\/wp-content\/uploads\/2021\/06\/POS.jpg 500w\" alt=\"\" width=\"500\" height=\"346\"  \/><span class=\"gallery-rollover\"><span class=\"gallery-zoom-ico icon-im-hover-001\"><span><\/span><\/span><\/span><\/a><\/figure><\/div><div data-post-id=\"1014\" data-date=\"2021-06-16T18:36:05+00:00\" data-name=\"pos1\"><figure class=\"post\"><a href=\"https:\/\/stantech.com.mx\/english\/wp-content\/uploads\/2021\/06\/pos1.png\" class=\"rollover dt-pswp-item layzr-bg\" data-large_image_width=\"973\" data-large_image_height=\"434\" data-dt-img-description=\"\" title=\"pos1\"><img loading=\"lazy\" decoding=\"async\" class=\"lazy-load preload-me\" src=\"data:image\/svg+xml,%3Csvg%20xmlns%3D&#39;http%3A%2F%2Fwww.w3.org%2F2000%2Fsvg&#39;%20viewBox%3D&#39;0%200%20973%20434&#39;%2F%3E\" data-src=\"https:\/\/stantech.com.mx\/english\/wp-content\/uploads\/2021\/06\/pos1.png\" data-srcset=\"https:\/\/stantech.com.mx\/english\/wp-content\/uploads\/2021\/06\/pos1.png 973w\" alt=\"\" width=\"973\" height=\"434\"  \/><span class=\"gallery-rollover\"><span class=\"gallery-zoom-ico icon-im-hover-001\"><span><\/span><\/span><\/span><\/a><\/figure><\/div><div data-post-id=\"1015\" data-date=\"2021-06-16T18:36:08+00:00\" data-name=\"pos2\"><figure class=\"post\"><a href=\"https:\/\/stantech.com.mx\/english\/wp-content\/uploads\/2021\/06\/pos2.png\" class=\"rollover dt-pswp-item layzr-bg\" data-large_image_width=\"987\" data-large_image_height=\"430\" data-dt-img-description=\"\" title=\"pos2\"><img loading=\"lazy\" decoding=\"async\" class=\"lazy-load preload-me\" src=\"data:image\/svg+xml,%3Csvg%20xmlns%3D&#39;http%3A%2F%2Fwww.w3.org%2F2000%2Fsvg&#39;%20viewBox%3D&#39;0%200%20987%20430&#39;%2F%3E\" data-src=\"https:\/\/stantech.com.mx\/english\/wp-content\/uploads\/2021\/06\/pos2.png\" data-srcset=\"https:\/\/stantech.com.mx\/english\/wp-content\/uploads\/2021\/06\/pos2.png 987w\" alt=\"\" width=\"987\" height=\"430\"  \/><span class=\"gallery-rollover\"><span class=\"gallery-zoom-ico icon-im-hover-001\"><span><\/span><\/span><\/span><\/a><\/figure><\/div><\/div>[\/vc_column][\/vc_row][vc_row][vc_column][vc_video link=&#8221;https:\/\/www.youtube.com\/watch?v=3W5-zW-yg50&#8243; el_width=&#8221;80&#8243; align=&#8221;center&#8221;][\/vc_column][\/vc_row]<\/p>\n","protected":false},"excerpt":{"rendered":"<p>[vc_row full_width=&#8221;stretch_row&#8221; content_placement=&#8221;middle&#8221; bg_type=&#8221;video&#8221; video_url=&#8221;https:\/\/stantech.com.mx\/englishwp-content\/uploads\/2021\/03\/stannnn.mp4&#8243; video_opts=&#8221;loop&#8221; video_poster=&#8221;id^767|url^https:\/\/stantech.com.mx\/englishwp-content\/uploads\/revslider\/video-media\/stannnn_1.jpeg|caption^null|alt^null|title^stannnn_1.jpeg|description^null&#8221; css=&#8221;.vc_custom_1617070804667{margin-bottom: 40px !important;background-image: url(https:\/\/stantech.com.mx\/englishwp-content\/uploads\/2021\/03\/sccaner-1.jpg?id=842) !important;background-position: center !important;background-repeat: no-repeat !important;background-size: cover !important;}&#8221;][vc_column][vc_single_image image=&#8221;981&#8243; img_size=&#8221;full&#8221; alignment=&#8221;center&#8221;][\/vc_column][\/vc_row][vc_row type=&#8221;vc_default&#8221; css=&#8221;.vc_custom_1474218751979{padding-bottom: 50px !important;}&#8221;][vc_column width=&#8221;1\/2&#8243; css=&#8221;.vc_custom_1474218695724{padding-bottom: 30px !important;}&#8221;][vc_column_text css=&#8221;.vc_custom_1617070908486{padding-bottom: 20px !important;}&#8221;]En la actualidad, no existe ning\u00fan producto que se comercialice, pase por las diferentes normas de calidad y no cuente con un c\u00f3digo de&hellip;<\/p>\n","protected":false},"author":1,"featured_media":0,"parent":0,"menu_order":0,"comment_status":"closed","ping_status":"closed","template":"","meta":[],"class_list":["post-808","page","type-page","status-publish","hentry","description-off"],"_links":{"self":[{"href":"https:\/\/stantech.com.mx\/english\/wp-json\/wp\/v2\/pages\/808","targetHints":{"allow":["GET"]}}],"collection":[{"href":"https:\/\/stantech.com.mx\/english\/wp-json\/wp\/v2\/pages"}],"about":[{"href":"https:\/\/stantech.com.mx\/english\/wp-json\/wp\/v2\/types\/page"}],"author":[{"embeddable":true,"href":"https:\/\/stantech.com.mx\/english\/wp-json\/wp\/v2\/users\/1"}],"replies":[{"embeddable":true,"href":"https:\/\/stantech.com.mx\/english\/wp-json\/wp\/v2\/comments?post=808"}],"version-history":[{"count":8,"href":"https:\/\/stantech.com.mx\/english\/wp-json\/wp\/v2\/pages\/808\/revisions"}],"predecessor-version":[{"id":1020,"href":"https:\/\/stantech.com.mx\/english\/wp-json\/wp\/v2\/pages\/808\/revisions\/1020"}],"wp:attachment":[{"href":"https:\/\/stantech.com.mx\/english\/wp-json\/wp\/v2\/media?parent=808"}],"curies":[{"name":"wp","href":"https:\/\/api.w.org\/{rel}","templated":true}]}}